l = -14*l. Is -413*(1 - l)*-1 a composite number?
True
Suppose 106 = 3*o - 2*x - 548, 0 = -5*o + x + 1090. Is o prime?
False
Suppose 65 = -2*l - 5*m, l - 5*m = -30 - 25. Is (-5088)/l + 3/(-15) a prime number?
True
Suppose 2*s - 6*s - 4 = -4*n, -s - n = 11. Let k(c) be the second derivative of c**4/4 + 4*c**3/3 - c**2/2 - 2*c. Is k(s) a composite number?
False
Let g(n) = 12*n - 22. Let h be g(16). Let y = 296 + h. Is y composite?
True
Let r = 3263 - 1721. Suppose 394 = -4*a + r. Is a a composite number?
True
Let n(b) = -b - 11. Let p be n(-6). Let g be (6/p)/((-10)/(-3600)). Is g/(-7) - (-4)/14 prime?
False
Let w = 18369 - -21974. Is w a composite number?
False
Suppose -17 = -3*k - 3*u + 5*u, k - 11 = 2*u. Suppose 0 = k*b + 453 - 2064. Is b composite?
True
Suppose 0 = -20*s + 29*s - 70101. Is s prime?
True
Let q = -99 + 102. Is 1561 + -1 + q - -4 composite?
False
Let u = -858 - -1357. Is u a prime number?
True
Let f(l) = 77*l**3 + 2*l**2 - l + 1. Let b be f(3). Suppose 0 = -5*u - 0*u + b. Is u a composite number?
False
Let d(f) be the second derivative of -f**7/840 - 7*f**6/180 - f**5/20 + f**4/24 + f**3/3 + 2*f. Let h(s) be the second derivative of d(s). Is h(-14) prime?
False
Suppose 2*t + 20 = -2*t. Let y = 5 - t. Suppose -3*b + 158 = 5*m, -4*b = 2*m + y - 76. Is m a composite number?
False
Let o = 1813 - 147. Suppose -o = -2*n - 2*r, -n + 5*r + 445 = -364. Is n a prime number?
True
Let l(o) = -o**2 + 14*o + 2. Let r be l(14). Suppose -r*b + 322 - 68 = 0. Is b a prime number?
True
Let b = -7970 + 12575. Suppose -3*z - 4*f = -13767, 0*z - z + b = -4*f. Is z a prime number?
False
Let n = 17311 + 10630. Is n composite?
False
Suppose 0 = -d + 2 + 2, 0 = -2*v + 3*d - 76. Let w be (-11)/3 - v/(-24). Is (446/w)/(1/(-5)) a composite number?
True
Suppose -4*p + 3020 = -4*i, 2*p - 7*i = -4*i + 1505. Let h = 1413 - p. Is h a composite number?
False
Let r = -699 + 6682. Is r a prime number?
False
Is (3/9*-3)/((-9)/5598) a prime number?
False
Suppose 0 = i - 4*x, 3*i + 3*x - 3 = 12. Is 0 + i/14 + 1559/7 prime?
True
Suppose m - 2*n = 19, m - 4*n = -2*m + 65. Let u = m - 22. Suppose -4*k = -u*k + 419. Is k composite?
False
Is (-1630656)/(-60) + (-42)/(-30) a composite number?
False
Suppose 4*i = d + 8770 + 15180, 3*d = -2*i + 11968. Is i prime?
True
Let z be 5/(-1)*((-12)/(-10))/(-2). Suppose 4847 = z*h - 2332. Is h composite?
False
Let i be 6/8 + (-189)/28. Is 422 - -5 - (2 + i) composite?
False
Let d = -30 - -25. Let i(z) = 4*z**2 + 9*z + 22. Is i(d) a prime number?
False
Let h(w) = 88*w + 2. Suppose 0 = -5*t - 30. Let d be h(t). Let n = -261 - d. Is n prime?
False
Suppose m - 2*r = 7, -4*m + 8 = m - r. Let d(g) = 262*g**3 + 3*g - 2. Is d(m) a prime number?
True
Is (-25316)/(-6) - 2/6 a prime number?
True
Let t(w) be the first derivative of 274*w**3/3 + w + 8. Let a be t(1). Suppose s = -2*f + 110, 4*s - 7*s = -5*f + a. Is f prime?
False
Is (51006/18)/(7*3/63) composite?
False
Let i = 181 + 58. Suppose 0 = -4*k + 3*a + i, 4*a = 2 - 6. Is k a composite number?
False
Let y(j) = 1028*j**2 - 21*j - 12. Is y(-5) a composite number?
False
Suppose -171*n = -190*n + 960203. Is n prime?
False
Is (12/30 + -3)*(-2155)/1 a prime number?
False
Let s = 4864 - -1621. Is s a prime number?
False
Let o = 85966 + -57255. Is o prime?
True
Suppose -s - 10*g = -5*g - 4103, 4*s + 3*g - 16412 = 0. Is s a composite number?
True
Is ((-3)/(-1))/((-4045664)/(-809128) - 5) a prime number?
True
Suppose -2*n = 5*l - 1792, 4*l - 2959 = -3*n - 264. Is n prime?
False
Let w be 14*(4 + -3 - -39). Suppose -3*j - j + 5*u = -1100, 0 = -2*j + 5*u + w. Suppose -c = -4*f + 568, -2*c = 2*f + c - j. Is f prime?
False
Let b = 17571 + 11332. Is b composite?
True
Suppose -120 = -5*n + o, -n = 4*n + o - 110. Let h = n - -188. Let y = h + -48. Is y prime?
True
Is 201105/81 - (-4)/18 composite?
True
Suppose 0*o + o = -18116. Let q be o/35 - 2/5. Let h = q + 933. Is h a prime number?
False
Suppose o = 2*v + 1, -5*v + 2*o - 3*o - 13 = 0. Is (-709)/(-9) - v/9 composite?
False
Let i(q) = 3*q + 4*q - 3*q - 3*q + 4. Is i(9) a prime number?
True
Suppose 35336 = 5*v + 7*r - 4*r, 0 = -3*v + 5*r + 21222. Is v prime?
True
Suppose -4 + 12 = 2*h. Suppose -m = 3*f - 1964, -2*f - h*m = -3*f + 659. Is f a prime number?
False
Let a = 45259 + -28224. Is a a prime number?
False
Let l be -5 + (-2)/4*-12. Is l/4 - 35364/(-48) a composite number?
True
Suppose 0 = -20*o + 17*o + 27. Is o/((-81)/2) + (-6059)/(-9) prime?
True
Let h(q) = 2*q**3 - 3*q**2 - 2*q - 7. Let u be h(3). Is 3 + (892/u - 10/(-35)) prime?
True
Suppose -n + 6555 + 2298 = 2*j, -5*n + j = -44210. Is n composite?
True
Let g = 14206 + -7403. Is g a prime number?
True
Suppose -24167 - 11722 = -21*l. Is l composite?
False
Let d = 242 + -46. Let v = 19 - -304. Let c = v - d. Is c composite?
False
Let y = 76 - 76. Suppose 5*b + 2*z - 5460 = 0, y*b + 3*b - 3*z - 3297 = 0. Is b a composite number?
True
Is ((8249*8)/8)/1 a prime number?
False
Suppose 4*l - 72 = -5*y, 0 = 5*y - 3*l - 30 - 21. Let m(x) = -2*x + 27. Let a be m(y). Is a/2*(-2348)/(-6) a composite number?
False
Suppose -4*r - 5*w = -3*r - 2458, 2*w + 7425 = 3*r. Is r a composite number?
False
Let u be 1*291 + (-52)/13. Suppose 4*j = 2925 + u. Is j a composite number?
True
Let t = 0 - 1. Let l be ((-2)/4)/(t/12). Suppose -b = j - 73, l*b - 341 = b + j. Is b a composite number?
True
Let q = 114 + -112. Suppose q*r - 71099 = -5*r. Is r a composite number?
True
Suppose 2*j = -2*z + 52525 + 50899, z - 51724 = 3*j. Is z a composite number?
True
Let w = 243 + -59. Suppose -2154 = 181*i - w*i. Is i a composite number?
True
Let k(r) = -117*r + 39. Let m be k(17). Let q = m + 3431. Is q a prime number?
True
Suppose 3 - 2 = 2*w - 3*v, -4*w + 3*v + 5 = 0. Suppose 0 = -u - w*b + 80, 270 = 3*u - 0*u - 4*b. Suppose 3*s - u = 151. Is s a prime number?
True
Let r = 5 + 0. Suppose n + 8 = 5*c, -3*n + 2*c = r*c - 12. Suppose 2*b - n*g + 7*g - 629 = 0, 0 = 2*b - 5*g - 639. Is b a composite number?
False
Let k = 15680 - 9906. Is k composite?
True
Suppose -5*x + 2*c = -14, -c + 6 = -0*x + 4*x. Suppose 3*i - x*i + 4*y = 262, -10 = -5*y. Let k = -60 + i. Is k composite?
True
Suppose -4*l + 4864 - 472 = 0. Let b = -8 + 13. Suppose s = -b*s + l. Is s a composite number?
True
Let d(l) = -19*l + 5. Suppose -2*m + 24 = 4*y, -5*y + 0*m = m - 30. Let z = y + -12. Is d(z) a prime number?
False
Let l = 126 + 321. Is l a prime number?
False
Let c(t) = t - 11. Let y be c(14). Suppose 0*m - 3*m + 3801 = y*w, 2*m = w + 2534. Is m a prime number?
False
Let i(d) = 66*d**2 - 17*d + 70. Is i(19) a composite number?
True
Suppose 0 = 5*k - k - 16. Suppose -k*m = -8*m + 356. Is m a prime number?
True
Suppose -3*a + 0*a = -3*u + 21, 3*u - a = 17. Suppose -b = 3*b - 2*f - 26, 5*b + u*f + 5 = 0. Suppose -2*k + 7*k = b*v + 169, 1 = -v. Is k a prime number?
False
Let t(f) = -528*f - 3. Let j be t(-3). Let d = 2494 - j. Is d a composite number?
True
Is 1/(-2) + 0 - 20727/(-98) a prime number?
True
Let i(m) be the first derivative of -m**4/2 - m**3 - 4*m**2 + 6*m - 9. Let z be 99/(-21) + (-4)/14. Is i(z) prime?
False
Let x be 14666/3 + (-8)/12. Suppose -s + 5*s = x. Suppose y = -y + s. Is y a composite number?
True
Let z = 131 + -121. Suppose 666 = 16*g - z*g. Is g a composite number?
True
Suppose 42*i - 636894 = 305628. Is i composite?
False
Suppose 29407 = 13*t - 6*t. Is t a prime number?
True
Suppose -x = -1, -x = 4*s + 2*x + 149. Is (-1 - -407) + 33 + s a composite number?
False
Let r(d) = 3343*d**2 - 14*d. Is r(-5) composite?
True
Let w(x) = -11*x + 114. Is w(-43) composite?
False
Suppose -10*x + 506470 = -0*x. Is x composite?
False
Let b(u) = -5*u + 19. Let v be b(3). Suppose -3*y + 891 = -3*d, -v*y - 1 = 5*d - 1171. Is y composite?
True
Let u be 27/(-6)*(-4)/(-2). Let y = 9 + u. Let o = y - -7. Is o a composite number?
False
Let y(r) = 75*r**2 - 3*r + 1. Let v be 8/28 - 16/7. Is y(v) a composite number?
False
Let b(u) = 3*u + 63. Let w be b(16). Let q be 1/(-1 + 2)*4. Suppose 0 = -a + q*a + 3*t - w, 0 = -5*a + 5*t + 155. Is a a composite number?
True
Let j be ((-12)/(-8))/(6/(-8)). Let g(h) = h - 1. Let o(d) = -27*d - 4. Let u(w) = j*g(w) - 2*o(w). Is u(4) composite?
True
Suppose 0 = 16*a - 7854 - 10930. Is a a composite number?
True
Is (3 - 36